tors of 3102027496.
2, 3797, 102121
What are the prime factors of 109751252?
2, 13, 17, 124153
List the prime factors of 38622960.
2, 3, 5, 17881
List the prime factors of 10451301.
3, 7, 479, 1039
What are the prime factors of 1827198943?
2843, 642701
List the prime factors of 685115158.
2, 7, 13, 113, 4759
List the prime factors of 41072303.
31, 1324913
List the prime factors of 39431846.
2, 19715923
List the prime factors of 675479408.
2, 42217463
List the prime factors of 357330010.
2, 5, 131, 272771
What are the prime factors of 1273701416?
2, 13, 12247129
List the prime factors of 3887321564.
2, 7, 138832913
What are the prime factors of 1483626695?
5, 2797, 106087
List the prime factors of 97817750.
2, 5, 521, 751
List the prime factors of 507277733.
37, 13710209
List the prime factors of 483273889.
7, 79, 873913
What are the prime factors of 40195875?
3, 5, 37, 2897
What are the prime factors of 1367497548?
2, 3, 223, 170341
List the prime factors of 23819656.
2, 7, 31, 13721
What are the prime factors of 2969927277?
3, 233, 4248823
List the prime factors of 69730343.
89, 783487
List the prime factors of 14921710.
2, 5, 23, 64877
What are the prime factors of 493104375?
3, 5, 29221
What are the prime factors of 1024462138?
2, 7, 257, 284731
What are the prime factors of 62057667?
3, 7, 17, 19, 1307
What are the prime factors of 3456194268?
2, 3, 23, 12522443
What are the prime factors of 712220193?
3, 29, 73, 1289
List the prime factors of 17804468.
2, 11, 173, 2339
What are the prime factors of 1489909669?
1489909669
What are the prime factors of 1319044890?
2, 3, 5, 2753, 15971
What are the prime factors of 591477929?
7, 84496847
What are the prime factors of 97656018?
2, 3, 719, 22637
What are the prime factors of 165731845?
5, 33146369
What are the prime factors of 3788380240?
2, 5, 773, 61261
List the prime factors of 67903288.
2, 37, 229403
List the prime factors of 195008012.
2, 48752003
List the prime factors of 51365080.
2, 5, 13, 98779
What are the prime factors of 25449466?
2, 7, 47, 38677
List the prime factors of 1419909340.
2, 5, 59, 241, 4993
What are the prime factors of 297066772?
2, 17, 4368629
List the prime factors of 7141458.
2, 3, 373, 3191
List the prime factors of 626979853.
173, 3624161
List the prime factors of 427128534.
2, 3, 7, 821, 4129
What are the prime factors of 1646304611?
7, 41, 397, 14449
What are the prime factors of 5495403667?
13, 499, 617, 1373
List the prime factors of 291804092.
2, 72951023
What are the prime factors of 666399437?
11, 60581767
What are the prime factors of 711827921?
7, 31, 3280313
What are the prime factors of 157680335?
5, 19, 263, 6311
What are the prime factors of 22194842?
2, 859, 12919
List the prime factors of 239690541.
3, 8081, 9887
What are the prime factors of 835425383?
13, 19, 131, 25819
List the prime factors of 5833580571.
3, 7, 13, 7122809
What are the prime factors of 12657870?
2, 3, 5, 5209
List the prime factors of 9149090714.
2, 37, 41, 3015521
What are the prime factors of 6300501439?
89, 2459, 28789
What are the prime factors of 1270547963?
281, 4521523
What are the prime factors of 5552615131?
7, 113, 7019741
What are the prime factors of 19822910?
2, 5, 1982291
What are the prime factors of 378345280?
2, 5, 733, 1613
What are the prime factors of 1348475280?
2, 3, 5, 23, 191, 1279
What are the prime factors of 1324367398?
2, 662183699
What are the prime factors of 3463769365?
5, 7, 98964839
What are the prime factors of 553397642?
2, 7, 139, 284377
What are the prime factors of 1921873748?
2, 480468437
List the prime factors of 88705400.
2, 5, 7, 63361
What are the prime factors of 41135576?
2, 5141947
What are the prime factors of 860324298?
2, 3, 107, 1340069
List the prime factors of 7358074707.
3, 47, 52184927
What are the prime factors of 2548642156?
2, 83, 7676633
What are the prime factors of 319190862?
2, 3, 2153, 24709
What are the prime factors of 62577572?
2, 23, 167, 4073
List the prime factors of 4386326.
2, 7, 127, 2467
List the prime factors of 102728086.
2, 59, 870577
List the prime factors of 322152985.
5, 7, 11, 836761
What are the prime factors of 140543567?
859, 163613
What are the prime factors of 9271640738?
2, 59627, 77747
List the prime factors of 2880322970.
2, 5, 7, 41147471
What are the prime factors of 6390852?
2, 3, 13, 71, 577
What are the prime factors of 2774382087?
3, 163, 467, 12149
What are the prime factors of 445391231?
761, 585271
What are the prime factors of 1246848898?
2, 43, 14498243
What are the prime factors of 777766869?
3, 11, 7856231
What are the prime factors of 273951?
3, 61, 499
What are the prime factors of 470949807?
3, 743, 211283
What are the prime factors of 48934532?
2, 541, 22613
List the prime factors of 17619766.
2, 43, 211, 971
What are the prime factors of 28050936?
2, 3, 1168789
What are the prime factors of 10212963?
3, 3404321
What are the prime factors of 70754259?
3, 23584753
What are the prime factors of 9678610?
2, 5, 17, 197
What are the prime factors of 77903040?
2, 3, 5, 19, 4271
List the prime factors of 2958085119.
3, 11, 17, 103, 51193
List the prime factors of 251523216.
2, 3, 7, 19, 23, 571
What are the prime factors of 582484218?
2, 3, 827, 117389
What are the prime factors of 34814987?
1949, 17863
List the prime factors of 71201642.
2, 35600821
What are the prime factors of 268178947?
268178947
What are the prime factors of 64330670?
2, 5, 6433067
What are the prime factors of 455517984?
2, 3, 47, 100957
List the prime factors of 743649594.
2, 3, 79, 457, 3433
List the prime factors of 412030782.
2, 3, 29, 789331
What are the prime factors of 60997426?
2, 7, 23, 189433
What are the prime factors of 4535003100?
2, 3, 5, 3583, 4219
What are the prime factors of 69353242?
2, 7, 149, 33247
List the prime factors of 523614151.
2137, 245023
List the prime factors of 131905232.
2, 389, 21193
List the prime factors of 4473694579.
4473694579
What are the prime factors of 110174626?
2, 41, 1343593
What are the prime factors of 4554333026?
2, 3709, 613957
What are the prime factors of 140240135?
5, 7, 4006861
List the prime factors of 576679838.
2, 7, 3359, 12263
What are the prime factors of 248307608?
2, 31038451
List the prime factors of 24657549.
3, 7, 421, 2789
List the prime factors of 167654007.
3, 607, 30689
List the prime factors of 180137659.
13, 233, 59471
List the prime factors of 40245251.
40245251
List the prime factors of 50459075.
5, 1361, 1483
List the prime factors of 11533028.
2, 13, 23, 9643
List the prime factors of 265813293.
3, 359, 246809
List the prime factors of 245239531.
163, 1504537
List the prime factors of 88194400.
2, 5, 7, 15749
What are the prime factors of 1702834286?
2, 1697, 501719
List the prime factors of 409425041.
19051, 21491
What are the prime factors of 859594614?
2, 3, 1061, 135029
List the prime factors of 2802474619.
7, 1607, 249131
List the prime factors of 773948434.
2, 7, 1297, 6089
What are the prime factors of 2381291511?
3, 199, 3988763
List the prime factors of 512680965.
3, 5, 431, 79301
List the prime factors of 1055451651.
3, 351817217
What are the prime factors of 12819816?
2, 3, 59351
List the prime factors of 10924786.
2, 607, 8999
What are the prime factors of 1485510933?
3, 495170311
List the prime factors of 194263279.
7, 27751897
What are the prime factors of 86234717?
86234717
What are the prime factors of 188858348?
2, 7, 79, 12197
What are the prime factors of 214797866?
2, 107398933
What are the prime factors of 698978368?
2, 11, 992867
What are the prime factors of 15872928?
2, 3, 165343
List the prime factors of 845068737.
3, 23, 449, 27277
What are the prime factors of 37392079?
71, 526649
List the prime factors of 34343653.
73, 470461
What are the prime factors of 86834358?
2, 3, 13, 371087
What are the prime factors of 232005566?
2, 13, 479, 1433
What are the prime factors of 28478864?
2, 191, 9319
What are the prime factors of 131423893?
19, 6917047
List the prime factors of 20868170.
2, 5, 2086817
List the prime factors of 265099719.
3, 73, 307, 3943
List the prime factors of 13323378.
2, 3, 43, 113, 457
List the prime factors of 10985607.
3, 1220623
List the prime factors of 1736185896.
2, 3, 24113693
What a